base 16) in base 5?
-232412033
163087 (base 13) to base 9
1026521
Convert -4baee (base 16) to base 7.
-2430533
-32642441 (base 7) to base 4
-22233310010
Convert -67a0739 (base 11) to base 2.
-101101011010010000010110
Convert 4858a45 (base 11) to base 6.
501153324
Convert 1068bb (base 16) to base 6.
35014351
-322431124 (base 5) to base 15
-1c2144
-1049010 (base 12) to base 6
-150040020
Convert -445c3d (base 14) to base 4.
-20312222333
Convert -1ec05d (base 15) to base 5.
-341234323
416c9 (base 14) to base 2
100110100001000001
-100111011010100111001101 (base 2) to base 10
-10332621
Convert -4c07b5 (base 16) to base 9.
-10333883
What is -101011001101111100000 (base 2) in base 6?
-50204144
Convert -31117271 (base 8) to base 15.
-8a3ca8
Convert -1391051 (base 10) to base 15.
-1c726b
Convert -342004 (base 8) to base 12.
-56b70
1025327 (base 8) to base 12
112073
Convert -1224112431 (base 5) to base 11.
-173a901
-12113302000 (base 5) to base 8
-66120605
Convert -40202331 (base 5) to base 2.
-1001101111001110011
113111211 (base 5) to base 9
871624
What is 2e73d (base 16) in base 12?
92139
-63131076 (base 8) to base 3
-221020112212220
Convert -9a0c0 (base 15) to base 10.
-489555
What is -1043140004 (base 5) in base 10?
-2318129
What is 101010100111101010011111 (base 2) in base 5?
10330010021
11101001100110100111 (base 2) to base 3
1210121112111
What is -24366522 (base 7) in base 2?
-1000010101011001111100
What is -313202004 (base 5) in base 8?
-4761523
Convert -22120120111 (base 3) to base 11.
-105920
-17968 (base 13) to base 3
-2022110221
498e0 (base 16) to base 6
10242452
2130437 (base 8) to base 7
4561506
-2809731 (base 10) to base 7
-32611431
What is 232151 (base 9) in base 3?
21002011201
What is -487555 (base 9) in base 3?
-112221121212
Convert 15d10a (base 16) to base 15.
1d3980
What is 19b8a (base 14) in base 7?
361433
Convert 10010311 (base 5) to base 8.
231757
Convert -1613256 (base 7) to base 5.
-24101220
Convert 1011010110010001000001 (base 2) to base 14.
576169
What is -1201132013 (base 5) in base 8?
-12405272
Convert -4613761 (base 11) to base 7.
-125416546
11713702 (base 10) to base 5
10444314302
What is 24114414 (base 5) in base 3?
102100001022
-10110112111 (base 3) to base 6
-1243404
13211341 (base 5) to base 7
1060056
What is -b8b05 (base 12) in base 7?
-2032640
1012110100011 (base 3) to base 2
10011011111110000011
Convert 21111221002122 (base 3) to base 8.
17171226
-2894d9 (base 14) to base 16
-157e87
Convert -22111110221 (base 3) to base 13.
-5b1b6
What is 103878 (base 11) in base 5?
20303342
117794 (base 10) to base 7
1000265
5bb50 (base 13) to base 16
293c0
-68dd2 (base 14) to base 15
-50920
-130443422 (base 5) to base 12
-26a79b
Convert 9030e (base 16) to base 4.
2100030032
Convert -10280 (base 11) to base 7.
-61435
Convert -12665 (base 11) to base 10.
-18100
What is 273a92 (base 14) in base 5?
321324010
What is -421222124 (base 5) in base 6?
-101201324
What is 124401414 (base 5) in base 8?
2277035
13014324 (base 7) to base 4
10200030030
What is b967 (base 15) in base 9?
58747
Convert -3b459a (base 13) to base 14.
-295daa
What is 3633d (base 14) in base 15?
2933a
Convert -124232 (base 7) to base 11.
-163a2
-933003 (base 10) to base 12
-38bb23
What is -116a993 (base 11) in base 12?
-82177b
Convert -d72b0 (base 15) to base 5.
-133313430
Convert -22212021111102 (base 3) to base 2.
-10001111101110101000110
What is bd34 (base 14) in base 10?
32778
Convert 122132131 (base 4) to base 10.
108445
What is -310200302011 (base 4) in base 12?
-473a371
What is -443503 (base 6) in base 9?
-55823
Convert -156151 (base 9) to base 13.
-34b1c
9008 (base 13) to base 2
100110101000101
What is 226937 (base 10) in base 16?
37679
-a8515 (base 11) to base 4
-212133233
Convert 552335 (base 8) to base 10.
185565
Convert -322758 (base 9) to base 15.
-3bed2
Convert -5163121 (base 8) to base 6.
-45205041
3b629 (base 14) to base 2
100011110011010101
What is -10010110010100001111 (base 2) in base 7?
-5143013
40216550 (base 8) to base 5
4131233142
Convert 334203351 (base 6) to base 10.
6081619
Convert 65041 (base 10) to base 14.
199bb
What is -123814 (base 9) in base 3?
-10210220111
-b1548 (base 15) to base 14
-108871
-11331321 (base 4) to base 5
-1240231
What is 10425770 (base 8) in base 15?
2e383a
Convert 567273 (base 10) to base 5.
121123043
-144020111 (base 5) to base 15
-102371
What is -172405 (base 11) in base 7?
-2160343
3c27b (base 14) to base 7
1156314
-2011211222012 (base 3) to base 9
-2154865
Convert 11022002202 (base 3) to base 14.
22bb8
-33295 (base 11) to base 9
-73174
-13311022232 (base 4) to base 14
-3b6154
-3220342 (base 5) to base 8
-152310
1e7ae (base 15) to base 7
563264
Convert 871884 (base 9) to base 5.
113113042
-337888 (base 12) to base 8
-3105450
Convert -ebe201 (base 16) to base 14.
-20a5973
-240444202 (base 6) to base 2
-10001001110100101101010
-314459 (base 11) to base 6
-14443442
123759 (base 11) to base 4
233222211
56443 (base 7) to base 10
14290
54322140 (base 6) to base 10
1612716
Convert -142006 (base 8) to base 2.
-1100010000000110
Convert -68ec3 (base 15) to base 9.
-558243
546b0 (base 15) to base 2
1000001011101101100
-174596 (base 11) to base 9
-450704
What is -10100110000110011 (base 2) in base 10?
-85043
Convert 7a3a6 (base 13) to base 10.
222540
-208370 (base 11) to base 3
-121221001101
-2111112220112 (base 3) to base 13
-377282
Convert c65362 (base 15) to base 8.
43771444
What is -1002121020200 (base 3) in base 8?
-2161773
-251a4c7 (base 13) to base 9
-23671288
Convert -107a3 (base 12) to base 4.
-11111223
What is -533312 (base 9) in base 12?
-1337b5
Convert 110111111111001101 (base 2) to base 6.
4525405
728324 (base 9) to base 14
b38d4
Convert 143323430 (base 5) to base 7.
6316665
614225 (base 9) to base 15
72c8b
What is -1fee (base 16) in base 3?
-102012202
118026 (base 9) to base 11
4976a
Convert -3186b4 (base 13) to base 11.
-723456
What is -143402454 (base 6) in base 7?
-34152634
What is -10413117 (base 8) in base 12?
-8b8953
1002112210101 (base 3) to base 4
2031333112
-1b0e4 (base 16) to base 5
-12021240
Convert 101132032 (base 5) to base 7.
3332521
2093e3 (base 15) to base 14
2c4c33
What is -3023102120 (base 4) in base 16?
-cb498
Convert -18486 (base 14) to base 10.
-61270
What is -1011320013 (base 4) in base 2?
-1000101111000000111
Convert 11041400 (base 5) to base 4.
113203123
What is 59434 (base 10) in base 8?
164052
What is -a5bb (base 15) in base 13?
-12c53
102102001210211 (base 3) to base 12
20450aa
Convert -1344414441 (base 5) to base 13.
-960452
Convert -505715 (base 11) to base 13.
-225c40
What is -3032233 (base 4) in base 6?
-141131
Convert -30a30b (base 12) to base 16.
-ba93b
-161f (base 16) to base 12
-333b
14cccc (base 13) to base 6
15004025
What is 8464 (base 9) in base 14?
239c
-701135 (base 8) to base 3
-102200110211
What is -12212011121 (base 3) in base 6?
-2245454
12584220 (base 9) to base 16
5e8dc8
Convert -547a41 (base 11) to base 5.
-210440031
2d6966 (base 14) to base 9
2887625
-17a047 (base 12) to base 13
-1152ac
What is 225421 (base 12) in base 9?
1025207
-182ea6 (base 16) to base 6
-53545022
What is 2b721 (base 13) in base 2?
10100001001000011
-676745 (base 8) to base 12
-b0519
1535 (base 14) to base 7
13665
Convert 4b9312a (base 12) to base 4.
320233013302
What is 220102202021001 (base 3) in base 14?
1a2065d
Convert 3035353 (base 6) to base 9.
241006
What is 130463 (base 7) in base 16?
5ebb
Convert 123320233100 (base 4) to base 3.
111202101211102
Convert 315443 (base 12) to base 6.
24350523
Convert -2437450 (base 9) to base 15.
-1b2573
a3266c (base 13) to base 8
16405717
What is 2a63c6 (base 16) in base 8?
12461706
What is -21331304 (base 5) in base 6?
-3532425
Convert -13331003 (base 4) to base 8.
-77503
What is -1023231240 (base 5) in base 12?
-88478a
-4085782 (base 11) to base 15
-9768ae
What is -e8a3e (base 15) in base 3?
-1101111102112
Convert 43365 (base 9) to base 13.
10103
Convert d720a (base 15) to base 11.
426611
What is 83c67 (base 15) in base 5?
101333142
What is -1ccf5 (base 16) in base 10?
-118005
-3bbd49 (base 14) to base 8
-7710555
Convert -1a29b1 (base 14) to base 2.
-11100010111001101111
What is 100010100111001100001010 (base 2) in base 4?
202213030022
What is 23cb96 (b